rs of k.
17
Let f(z) = 3*z**3 - z**2 + 11. What are the prime factors of f(4)?
11, 17
Let n = 7 - 4. Suppose -k + 2*h + 2*h = -18, -n*h = -k + 14. Suppose -4*m + 3 + 1 = -2*x, 5*m - k = 3*x. What are the prime factors of x?
2, 3
Suppose 8 = s - 3. Suppose 3*h - 1 = s. Suppose -3*r - 12 - 29 = -h*p, -4*r = 5*p - 28. What are the prime factors of p?
2
What are the prime factors of (33 - 4 - 3) + -3?
23
Let f be 3*2*(-8)/(-12). Let b(y) = -y**3 + 6*y**2 - 4. Let c be b(5). Suppose -c = -f*q - 1. List the prime factors of q.
5
Let x(o) = 0*o + 4*o - 2 + 4. Let v be x(-2). What are the prime factors of ((-4)/v)/((-4)/(-30))?
5
Let l(r) = -15*r - 22. What are the prime factors of l(-7)?
83
Let d(j) be the third derivative of 11*j**4/24 + j**3/6 - 2*j**2. What are the prime factors of d(2)?
23
Suppose 9*r - 8*r - 3 = 0. Suppose -170 = -r*l - 2*l. What are the prime factors of l?
2, 17
Suppose 0*q = 5*q - 30. Let h(w) = w**3 - 6*w**2 + w + 2. List the prime factors of h(q).
2
Suppose -6*g + g + 25 = -3*i, -4*i - 10 = 5*g. Let q(a) = 2*a**2 + 0 + a**3 + 3*a + 2 - 4*a - 3*a. List the prime factors of q(g).
2, 5
Let p(b) = 7*b**2 + 4*b - 23. What are the prime factors of p(5)?
2, 43
Suppose 2*d - 5 = d. Let p = d - 15. What are the prime factors of 5/p - (-7)/2?
3
Suppose 0 = h - 6*h + 5, z = -5*h + 39. List the prime factors of z.
2, 17
Suppose f = -5, 5*d - d = f + 133. Suppose 5*t - d = 4*t. List the prime factors of t.
2
Suppose 0 = -11*f + 16*f - 1075. List the prime factors of f.
5, 43
Let s(b) = -56*b - 7. What are the prime factors of s(-6)?
7, 47
Let a = 19 + -13. Let q be (-40)/(-6) + 2/a. What are the prime factors of 2/q + (-183)/(-21)?
3
List the prime factors of (44/(-66))/(872/438 - 2).
73
Let t be ((-8)/(-10))/(16/40). Suppose 0*s - s = -t*g - 13, -4*s + 22 = -2*g. Let b = s + 5. List the prime factors of b.
2
Suppose 15 = -3*a, 2*n - a + 10 = 35. What are the prime factors of n?
2, 5
Suppose 0 = 3*i + 3*l - 54, 2*l + 86 = 5*i + 6*l. Suppose m = -m + i. What are the prime factors of m?
7
Let r(z) be the second derivative of z**5/120 + z**4/8 + z**3/3 - 2*z. Let c(k) be the second derivative of r(k). List the prime factors of c(4).
7
Let m = 274 - 189. List the prime factors of m.
5, 17
Let u(m) = m**2 - 11*m - 14. Let b be u(12). List the prime factors of (-9)/(-6)*b - -11.
2
What are the prime factors of (-1580)/30*((-9)/(-2))/(-3)?
79
Let t(b) = b**3 + 8*b**2 - 9*b + 13. Suppose 3*d + 15 = 3*z - 4*z, -4*z = -3*d + 30. What are the prime factors of t(z)?
13
Let m(a) = -7*a - 5. Let v(r) = 7*r + 4. Let t(x) = 3*m(x) + 2*v(x). List the prime factors of t(-6).
5, 7
Suppose 4 = -a - w - 3*w, -w = -2*a - 26. List the prime factors of (a/(-10))/((-3)/(-10)).
2
Suppose 5*q - 1548 = -488. What are the prime factors of q?
2, 53
Suppose -3*m + 12 = -5*x, 6*m = m + 3*x + 4. Let z be 0 + 1 - m*7. Suppose 2*l = -z + 32. List the prime factors of l.
2, 3
Suppose 2393 - 751 = 5*b + 2*z, -3*b + z + 983 = 0. What are the prime factors of b?
2, 41
Let p(b) = 6*b + 6. Let q(d) = 6*d + 7. Let y(x) = 2*p(x) - 3*q(x). List the prime factors of y(-5).
3, 7
Suppose -24 = -3*p + 3*f - f, -40 = -5*p - f. What are the prime factors of (6/4)/(4/p)?
3
Let t(o) = -o**2 + 7*o - 5. Let d be t(4). Suppose -p = -d - 13. What are the prime factors of p?
2, 5
Suppose 28*u = 24*u + 200. List the prime factors of u.
2, 5
Let z = 3 - 8. What are the prime factors of -3*(0 + (z - -1))?
2, 3
Let j = 35 + -19. Suppose u + 2*i + 9 = -i, -4*i = j. Suppose 1 = -u*k + 13. What are the prime factors of k?
2
Let l be (-3)/(-6)*-2 - -1. Suppose -4 = -w - l. List the prime factors of w.
2
Suppose -2*q + 3*q - 149 = -5*a, 5*q + 3*a = 789. List the prime factors of q.
3, 53
Let m = 37 + -5. What are the prime factors of m?
2
Suppose -7 + 107 = 3*y + 2*v, -5*v - 141 = -4*y. Suppose 4*w = 4*d - 84, 3*d + 3*w + y = 115. List the prime factors of d.
2, 3
Let u(x) = -4*x - 10. What are the prime factors of u(-4)?
2, 3
Let b(m) = -m - 11. Let j(a) = -1. Let r(t) = b(t) - 5*j(t). Let h be r(-8). Suppose -7 = -h*z - d, d + 20 = -3*d. List the prime factors of z.
2, 3
Let n(d) = d**2 - 3*d - 3. What are the prime factors of n(-3)?
3, 5
Suppose -5*l + 70 = y, -2*l + 70 = 3*l - 4*y. Suppose -l = -2*p - 0*p. Suppose -4*g + 17 = 4*o - 3, g - o = p. List the prime factors of g.
2, 3
Let f(m) = -4*m**3 + 3*m**2 + 8. Let q = -10 + 17. Let a(c) = -9*c**3 + 5*c**2 + 16. Let t(g) = q*f(g) - 3*a(g). List the prime factors of t(6).
2
What are the prime factors of (0 + 1)*((2 - 5) + 31)?
2, 7
Let l(k) be the second derivative of -k**5/20 + 3*k**4/4 - 4*k**3/3 - 5*k**2/2 - k. List the prime factors of l(6).
5, 11
Let u = -9 - -16. What are the prime factors of u?
7
Let j(a) = -a**2 + 22*a + 20. List the prime factors of j(19).
7, 11
Let u = 15 + -11. Suppose 0*z = -u*z + 8. What are the prime factors of z?
2
Let l = -8 + 4. Let q(k) = k**3 + 6*k**2 + 7*k + 4. What are the prime factors of q(l)?
2
Suppose -j = -2*n + 1, 3 + 12 = 5*n. Let v = 1 + j. List the prime factors of v.
2, 3
List the prime factors of 136/5 + (-8)/40.
3
Suppose -3*s - v = -25, s + 2*v = -1 + 11. Let d = 13 - s. List the prime factors of d.
5
Suppose 0*i - 12 = -2*i. Let o = i + -2. What are the prime factors of o?
2
Let l = 65 - 40. List the prime factors of l.
5
Suppose 5*p + 10 = 0, -3*p = 3*q - 12 - 3. Let u = -2 + q. Suppose -u = -y + 6. List the prime factors of y.
11
Suppose -5*d = -3*r + 106, -3*r + d + 54 = -32. Suppose r = 5*b - 43. List the prime factors of b.
2, 7
Suppose -3*p + 3*n + 138 = 0, -p - n = 28 - 72. Suppose -4*r - 2*x + x + p = 0, -5*x = 3*r - 38. List the prime factors of r.
11
Suppose 3*s - 14 = 2*c, 16 = 2*s - 2*c - c. Suppose -n = s - 14. Suppose h = -3*h + n. List the prime factors of h.
3
Let h(q) = q**3 - 10*q**2 + 5*q - 10. What are the prime factors of h(10)?
2, 5
Suppose -14 = q - 96. What are the prime factors of q?
2, 41
Suppose -185 = -2*g - u, 2*g - 92 - 111 = 5*u. List the prime factors of g/14 + (-2)/(-7).
7
Let s be 3 + (3 + 0)/3. Suppose z = -s*z. Suppose 4*n + 43 = 3*a, z = -a - n + 6 - 1. What are the prime factors of a?
3
Suppose -4 = -t - 3*d + 3, 17 = 5*t - 3*d. Let z = 6 - t. Suppose -50 = -7*f + z*f. List the prime factors of f.
2, 5
Let s = -14 + 8. Let p(a) = a**2 + 4*a - 7. List the prime factors of p(s).
5
Let a = -2 + 1. Let t be 7 + 1/a + 0. Let w = 0 + t. What are the prime factors of w?
2, 3
What are the prime factors of 366 - (2 + (-10)/(-3 + -2))?
2, 181
Let k(p) = -5*p**3 + 6*p**2 + 10*p + 3. What are the prime factors of k(-2)?
47
Let i(x) = x - 8. Let d be i(6). Let s be ((-3)/(-9))/(d/(-30)). Suppose g + 0*g = s. What are the prime factors of g?
5
Let j = 58 - 35. List the prime factors of j.
23
Let a(b) = 3*b**2 - b - 2. Let p be a(-2). Let z = p - -6. List the prime factors of z.
2, 3
Let g = -77 + 162. List the prime factors of g.
5, 17
Suppose 0 = -3*v + 2*d + 32, 0 = -d - 0*d - 1. Suppose -2*m + s - 8 = 0, -5*s + 4*s - 22 = 3*m. Let b = v + m. What are the prime factors of b?
2
Let o(j) = j**2 - 9*j + 7. Let g be o(9). Suppose 10 = u - g. What are the prime factors of (u + -1)*4/8?
2
Let u(z) = -z + 16. Let w be u(11). Suppose 0 = -0*o + w*o - 25. List the prime factors of o.
5
Suppose 16 = 4*u, -45 = -h - 3*u + 2*u. List the prime factors of h.
41
Suppose 4*p - 15 = 1. Suppose 6*h = 5*h + p. What are the prime factors of h?
2
Let d be 4/14 + 300/28. Let s = -7 + d. Let r = s - -1. What are the prime factors of r?
5
Suppose 0 = -3*m + 8*m + 25. Let h = m - -8. Suppose -5*p + 8 = -h*p. List the prime factors of p.
2
Suppose -61 = 3*u - 4*g, -g - 20 = -6*g. Let p = -8 - u. List the prime factors of p.
7
Let i = 8 + -4. Suppose i*u + 1 + 7 = 0. Let n = 8 + u. List the prime factors of n.
2, 3
Let p = 122 + -48. List the prime factors of p.
2, 37
Let p(x) = 19*x - 4. Let t be p(4). Suppose -3*c = -7*c + t. Suppose -5*j + c = -3*j. List the prime factors of j.
3
Let v be (-4)/6 - 76/(-6). Let y(i) = -2*i + 22. Let p(t) = -t + 9. Let s(r) = v*p(r) - 5*y(r). List the prime factors of s(-2).
2
Suppose -5*g + 134 = -186. What are the prime factors of g?
2
Let r(s) be the second derivative of -s**3 + s**2 - 2*s. Let h be r(2). List the prime factors of -1*3/6*h.
5
Let q(x) = 6*x